67. What is the remainder when v is divided by c?
17
Suppose -3*p - 32 = p. Let t(c) = -5*c - 3. What is the remainder when t(p) is divided by 13?
11
Let x = 33 - 46. Let t(c) = c**3 + 13*c**2 - 2*c - 7. Calculate the remainder when t(x) is divided by 10.
9
Let t = 0 + 7. Let n = 12 - -6. Calculate the remainder when n is divided by t.
4
Suppose -2*z - 5*z = -28. Calculate the remainder when 5 is divided by z.
1
Let z = 44 + 11. Let y be 2/(-5) + (-24)/(-10). Suppose 3*x - 42 = -4*a + 3, x - y*a - 25 = 0. What is the remainder when z is divided by x?
17
Let d(v) = v**3 + 6*v**2 - 8*v + 6. Let j(b) = -b**3 - 4*b**2. Calculate the remainder when j(-5) is divided by d(-7).
12
Let a = 16 - 13. What is the remainder when 5 is divided by a?
2
Let z be 85/10 + 2/(-4). Let i = z - -4. What is the remainder when 22 is divided by i?
10
Let f = -33 + 42. Suppose -2*i + 19 = -3*p, 3*i - 3*p = -0*p + 36. What is the remainder when i is divided by f?
8
Let x(s) = 3*s**2 - 4*s + 7. Let g be x(5). Suppose q + 16 = z, 4*z = -0*z + 3*q + g. What is the remainder when z is divided by 5?
4
Let o = 9 + -1. Let i(n) = -4*n**3 + 2*n + 1. What is the remainder when o is divided by i(-1)?
2
Suppose -2*w = 3*l - 198, 3*w + l - 297 = -l. Calculate the remainder when w is divided by 17.
14
Suppose 2*k - 12 - 4 = 2*d, 58 = -5*d - k. Let j = -6 - d. Suppose -v + 27 = 2*v. Calculate the remainder when v is divided by j.
4
Let u(v) = v**3 + 10*v**2 + 14*v - 14. Let h(q) = q**2 - 2*q - 1. Calculate the remainder when h(4) is divided by u(-8).
1
Suppose 84 = -5*g + 124. What is the remainder when 61 is divided by g?
5
Suppose 2*j = -2*q + 42, 88 = 5*q + 2*j - 29. Calculate the remainder when 274 is divided by q.
24
Let r(w) = 2*w**2 + 32*w + 24. Calculate the remainder when r(-17) is divided by 22.
14
Let v be ((-12)/(-14))/(4/28). Suppose s - o = -2*s + 104, -3*o = v. Calculate the remainder when s is divided by 9.
7
Suppose -m + 23 = -0*m. What is the remainder when (35 + -1)*(3 + -1) is divided by m?
22
Suppose z - 3*u - 3 = 0, 4*z + 2*u = z + 20. Let b be (47/2)/((-4)/(-8)). Suppose -4*l - 3 = -b. What is the remainder when l is divided by z?
5
Let x = -11 - -29. Let r be (-1)/((3/x)/1). What is the remainder when (2 + 58/r)*-3 is divided by 8?
7
Suppose 0*c + 3*c + 2*a = 10, 4*a = 5*c - 24. Suppose b + n = -4*n - 3, 0 = c*b - 4*n - 84. Let y = 8 + -2. Calculate the remainder when b is divided by y.
5
Suppose 0 = -2*c - 6, 5*w - 3*c - c - 152 = 0. What is the remainder when 81 is divided by w?
25
Suppose s - 20 = -3*s. Suppose -3*v - 16 = 4*m, -s*m - 19 = 1. Suppose 0 = -2*y - v*y + 70. What is the remainder when y is divided by 12?
11
Let z(y) = -y**3 - 5*y**2 - 6*y - 3. Let n be z(-6). Suppose -2*v + 3*m - 5*m = -42, n = 5*v - 4*m. Calculate the remainder when 32 is divided by v.
15
Suppose p + 2*p - 2*w = 33, -2*p + 4*w + 22 = 0. Let z(m) = 9*m - 2. Let i be z(5). Suppose -3*f + i = -2*f. Calculate the remainder when f is divided by p.
10
Let z be 4/14 - 272/(-28). Suppose -q = -3*h - z, -2*h = h. What is the remainder when q is divided by 4?
2
Suppose 7*y - 3*y - 13 = -x, 6 = 2*x - 2*y. Suppose 4 = x*m - 6. Suppose -2 = m*i - 12. Calculate the remainder when 14 is divided by i.
4
Suppose -3*m + 3*y = -102, 0 = 4*m + 3*y - 169 + 68. Calculate the remainder when m is divided by 16.
13
Let f(u) = u**3 - 3*u**2 - 3*u - 6. Let v be f(7). Suppose a + 3 = 0, 3*t - 5*t + 5*a + v = 0. Let w = -24 + t. Calculate the remainder when w is divided by 18.
17
Let o = 35 - 17. What is the remainder when -1 + 66 + (4 - 1) is divided by o?
14
Suppose -2*n + 2 = -l - 1, -2*l - 2*n = 0. Let s be (-4)/(-6)*l*3. Let k = 11 - s. Calculate the remainder when 25 is divided by k.
12
Let n(h) = 21*h**2 - 5. What is the remainder when n(-2) is divided by 40?
39
Suppose 2*s - 3*y = 83, 3*s + 5*y = 155 - 21. Calculate the remainder when s is divided by 23.
20
Suppose -2*d = 5*a - 9 - 13, d - 4*a + 15 = 0. Calculate the remainder when 10 is divided by (d/2)/(3/36).
4
Let t(d) = d**2 - 10*d + 5. Suppose 2*b - 49 = -4*c - 7, 3*c - b - 44 = 0. Calculate the remainder when c is divided by t(10).
3
Suppose 5*m - 118 - 6 = 3*d, -3*d = 9. Calculate the remainder when 135 is divided by m.
20
Let q be 37 - (-9)/(6/2). Let y = q - 23. Calculate the remainder when 15/(-2)*20/(-3) is divided by y.
16
Suppose 2*u = 5*f + 8 + 57, -f = 1. What is the remainder when u is divided by 4?
2
Let p(i) = -i**3 - 16*i**2 - 3*i - 38. Calculate the remainder when 18 is divided by p(-16).
8
Let d = -6 + 9. Suppose -d*j + 919 = 5*g - 262, 12 = -4*j. Calculate the remainder when (-6)/8 - g/(-8) is divided by 10.
9
Suppose -3*g + 5*h - 6 = h, -2*h + 16 = 5*g. Let p = -9 - -18. Calculate the remainder when p is divided by g.
1
Let n = -56 - -76. What is the remainder when 59 is divided by n?
19
Let s(l) = l**2 - 2*l - 4. Let u be s(4). Let f = 8 + -3. What is the remainder when (-4)/(u*(-1)/14) is divided by f?
4
Suppose 4*p = 3*o + 3 - 39, 44 = 2*o + 4*p. Calculate the remainder when 78 is divided by o.
14
Let y be 0/2 + 0/(-1). Suppose w - 10 - 2 = y. Suppose -s + 5*s - w = 0. What is the remainder when s is divided by 2?
1
Suppose 0 = 5*z + 2*j - 2579, 0 = z - 0*j - 2*j - 511. What is the remainder when z/25 + 2/5 is divided by 6?
3
What is the remainder when 179 is divided by ((-806)/155)/(2/(-10))?
23
Suppose 0 = -3*m + 55 + 71. Let p = m + -29. What is the remainder when (-1)/(2/50*-1) is divided by p?
12
Suppose -5*z + 181 = 66. What is the remainder when z is divided by 13?
10
Suppose 0 = q + x - 2, 3*x = 2*q - 6*q + 8. Suppose q*z - 4*y - 82 = 0, 85 = 2*z + y - 2*y. Calculate the remainder when z is divided by 11.
10
Let v(x) = -2*x**2 - 8*x - 1. Let j be v(-7). Let c = 14 + j. Let k = c - -57. What is the remainder when k is divided by 10?
8
Let n(k) = k**2 + 2*k - 3. Suppose -5*b = -2*s - 3, s - 3*b = -0 - 1. Calculate the remainder when 8 is divided by n(s).
3
Let h = -2 + 5. Let y = -3 - -2. Let b = y + h. Calculate the remainder when 4 is divided by b.
0
Let n(t) = t**2 - 1. Let y(h) = -4*h**2 - 5*h + 2. Let m(d) = 5*n(d) + y(d). Calculate the remainder when 20 is divided by m(7).
9
Suppose -5*u - 6*w = -w, -5*u + 24 = -3*w. Let r(c) = -8*c**2 + 9*c + 2*c + 2 - 8 + c**u. Calculate the remainder when r(7) is divided by 12.
10
Suppose 5*g = -d - 0*g + 58, 5 = 5*g. Let x(y) = -3*y**2 + 27 - y + 2*y**2 + 0*y. What is the remainder when d is divided by x(0)?
26
Let w(c) = 6*c**2 - 1. What is the remainder when w(-2) is divided by 15?
8
Suppose -4*p = 0, -3*n - 4*p = -0*n - 108. What is the remainder when n is divided by 10?
6
Let u be 0 + (3/(-3) - -9). Suppose p + u = 3*p. Suppose 0 = p*l - 0*l - 44. Calculate the remainder when l is divided by 6.
5
Suppose 5 = 2*s + 5*q, -2*q + 4 = s - 0. Let f = 40 + -29. Suppose 9 = 5*b - f. Calculate the remainder when s is divided by b.
2
Suppose -5*y + 7 = -3. Suppose 12 = k + y*x + 2, k + 4*x = 18. Suppose 0*i + 4 = k*i. What is the remainder when 6 is divided by i?
0
Suppose 4*s - 13 = 15. Let p = 12 + s. Suppose 0*q = -q + 75. Calculate the remainder when q is divided by p.
18
Suppose 0 = -4*d + 52 - 4. Calculate the remainder when d is divided by 69/15 + 10/25.
2
Let a be (15/6)/((-1)/(-2)). Suppose -a*t - 19 = -3*o, 0*o - 5*o = t - 41. What is the remainder when 23 is divided by o?
7
Suppose -2*q - 6 = -3*b, 0*b + q = 4*b - 8. Suppose -50 = -b*s - 3*s. What is the remainder when 17 is divided by s?
7
Suppose -27 = -2*p + 9. What is the remainder when 51 is divided by p?
15
Let z(d) = d**3 - d**2 + 2*d - 2. Let j be z(5). Let p = j + -31. Calculate the remainder when p is divided by 13.
12
Suppose -3*p + 17 = v, 0 = -3*v - 2*p + 14 + 2. Calculate the remainder when v is divided by 1.
0
Let d(z) = z**2 + z + 13. Calculate the remainder when 76 is divided by d(0).
11
What is the remainder when 45/9 - (-63)/1 is divided by 12?
8
Suppose -2*f = 3*x - 45, 20 - 5 = 3*x. What is the remainder when f is divided by 4?
3
Let t = -18 - -22. Calculate the remainder when 21 is divided by t.
1
Let s(o) = -o**3 - 5*o**2 - 5*o - 6. Let b = 32 + 3. What is the remainder when b is divided by s(-5)?
16
Let m = 283 - 159. What is the remainder when m is divided by 21?
19
Suppose 3*d - 4*t = -